{"id":5547,"date":"2024-01-07T11:20:48","date_gmt":"2024-01-07T08:20:48","guid":{"rendered":"https:\/\/meltemayhan.k12.tr\/anadolu-fen-lisesi\/?page_id=5547"},"modified":"2024-01-07T11:34:28","modified_gmt":"2024-01-07T08:34:28","slug":"inovatif-programlar-ankara-egitim","status":"publish","type":"page","link":"https:\/\/meltemayhan.k12.tr\/anadolu-fen-lisesi\/inovatif-programlar-ankara-egitim\/","title":{"rendered":"\u0130novatif Programlar"},"content":{"rendered":"<p><div class=\"fusion-fullwidth fullwidth-box fusion-builder-row-1 fusion-flex-container has-pattern-background has-mask-background nonhundred-percent-fullwidth non-hundred-percent-height-scrolling\" style=\"--awb-border-radius-top-left:0px;--awb-border-radius-top-right:0px;--awb-border-radius-bottom-right:0px;--awb-border-radius-bottom-left:0px;--awb-padding-top:63px;--awb-background-color:#0d1267;--awb-flex-wrap:wrap;\" ><div class=\"fusion-builder-row fusion-row fusion-flex-align-items-flex-start fusion-flex-content-wrap\" style=\"max-width:1248px;margin-left: calc(-4% \/ 2 );margin-right: calc(-4% \/ 2 );\"><div class=\"fusion-layout-column fusion_builder_column fusion-builder-column-0 fusion_builder_column_1_1 1_1 fusion-flex-column\" style=\"--awb-bg-size:cover;--awb-width-large:100%;--awb-margin-top-large:0px;--awb-spacing-right-large:1.92%;--awb-margin-bottom-large:20px;--awb-spacing-left-large:1.92%;--awb-width-medium:100%;--awb-order-medium:0;--awb-spacing-right-medium:1.92%;--awb-spacing-left-medium:1.92%;--awb-width-small:100%;--awb-order-small:0;--awb-spacing-right-small:1.92%;--awb-spacing-left-small:1.92%;\"><div class=\"fusion-column-wrapper fusion-column-has-shadow fusion-flex-justify-content-flex-start fusion-content-layout-column\"><div class=\"fusion-title title fusion-title-1 fusion-sep-none fusion-title-highlight fusion-loop-off fusion-highlight-underline fusion-title-size-one\" style=\"--awb-text-color:var(--awb-color1);--awb-highlight-top-margin:7px;--awb-highlight-width:6;--awb-margin-bottom:4vh;--awb-font-size:3.2vw;\" data-highlight=\"underline\"><h1 class=\"fusion-title-heading title-heading-left\" style=\"margin:0;font-size:1em;\"><span class=\"fusion-highlighted-text-prefix\">\u0130novatif<\/span> <span class=\"fusion-highlighted-text-wrapper\"><span class=\"fusion-highlighted-text\">Programlar<\/span><\/span> <span class=\"fusion-highlighted-text-postfix\"><\/span><\/h1><\/div><\/div><\/div><\/div><\/div><div class=\"fusion-fullwidth fullwidth-box fusion-builder-row-2 fusion-flex-container fusion-parallax-none nonhundred-percent-fullwidth non-hundred-percent-height-scrolling\" style=\"--link_color: var(--awb-color4);--awb-background-position:left bottom;--awb-border-radius-top-left:0px;--awb-border-radius-top-right:0px;--awb-border-radius-bottom-right:0px;--awb-border-radius-bottom-left:0px;--awb-padding-bottom:15vh;--awb-padding-bottom-medium:10vh;--awb-padding-bottom-small:0px;--awb-margin-bottom:0px;--awb-background-color:#0d1267;--awb-background-image:url(&quot;https:\/\/meltemayhan.k12.tr\/anadolu-fen-lisesi\/wp-content\/uploads\/2020\/08\/info-bg-3.svg&quot;);--awb-background-size:cover;--awb-flex-wrap:wrap;\" ><div class=\"fusion-builder-row fusion-row fusion-flex-align-items-stretch fusion-flex-justify-content-center fusion-flex-content-wrap\" style=\"max-width:1248px;margin-left: calc(-4% \/ 2 );margin-right: calc(-4% \/ 2 );\"><div class=\"fusion-layout-column fusion_builder_column fusion-builder-column-1 fusion_builder_column_1_1 1_1 fusion-flex-column\" style=\"--awb-bg-size:cover;--awb-width-large:100%;--awb-margin-top-large:50px;--awb-spacing-right-large:1.92%;--awb-margin-bottom-large:20px;--awb-spacing-left-large:1.92%;--awb-width-medium:100%;--awb-order-medium:0;--awb-spacing-right-medium:1.92%;--awb-spacing-left-medium:1.92%;--awb-width-small:100%;--awb-order-small:0;--awb-spacing-right-small:1.92%;--awb-spacing-left-small:1.92%;\"><div class=\"fusion-column-wrapper fusion-column-has-shadow fusion-flex-justify-content-flex-start fusion-content-layout-column\"><div class=\"fusion-post-cards fusion-post-cards-1 fusion-grid-archive fusion-grid-columns-3\" style=\"--awb-columns:3;--awb-row-spacing:50px;--awb-columns-medium:50%;--awb-columns-small:100%;\"><ul class=\"fusion-grid fusion-grid-3 fusion-flex-align-items-flex-start fusion-grid-posts-cards\"><li class=\"fusion-layout-column fusion_builder_column fusion-builder-column-2 fusion-flex-column post-card fusion-grid-column fusion-post-cards-grid-column\" style=\"--awb-padding-bottom:12px;--awb-overflow:hidden;--awb-bg-color:hsla(var(--awb-color7-h),var(--awb-color7-s),calc(var(--awb-color7-l) + 4%),var(--awb-color7-a));--awb-bg-color-hover:hsla(var(--awb-color7-h),var(--awb-color7-s),calc(var(--awb-color7-l) + 4%),var(--awb-color7-a));--awb-bg-blend:overlay;--awb-bg-size:cover;--awb-border-radius:10px 10px 10px 10px;\"><div class=\"fusion-column-wrapper fusion-flex-justify-content-flex-start fusion-content-layout-column\"><div class=\"fusion-classic-product-image-wrapper fusion-woo-product-image fusion-post-card-image fusion-post-card-image-1\" data-layout=\"static\" style=\"--awb-margin-bottom:10px;\"><div  class=\"fusion-image-wrapper\" aria-haspopup=\"true\">\n\t\t\t\t\t\t\t<a href=\"https:\/\/meltemayhan.k12.tr\/anadolu-fen-lisesi\/portfolio-items\/meltem-ayhan-okullari-stem\/\" aria-label=\"Stem\">\n\t\t\t\t\t\t\t\t\t\t<div class=\"fusion-placeholder-image\" data-origheight=\"150\" data-origwidth=\"100%\" style=\"width:100%;height:150px;\"><\/div>\n\t\t\t\t\t<\/a>\n\t\t\t\t\t\t\t<\/div>\n<\/div><div class=\"fusion-title title fusion-title-2 fusion-sep-none fusion-title-center fusion-title-text fusion-title-size-four\" style=\"--awb-text-color:var(--awb-color1);--awb-margin-top:20px;--awb-margin-right:20px;--awb-margin-left:20px;--awb-link-color:var(--awb-color1);--awb-font-size:30px;\"><h4 class=\"fusion-title-heading title-heading-center\" style=\"font-family:var(--awb-typography1-font-family);font-weight:var(--awb-typography1-font-weight);font-style:var(--awb-typography1-font-style);margin:0;font-size:1em;letter-spacing:var(--awb-typography1-letter-spacing);text-transform:var(--awb-typography1-text-transform);line-height:var(--awb-typography1-line-height);\"><a href=\"https:\/\/meltemayhan.k12.tr\/anadolu-fen-lisesi\/portfolio-items\/meltem-ayhan-okullari-stem\/\" class=\"awb-custom-text-color awb-custom-text-hover-color\" target=\"_self\">Stem<\/a><\/h4><\/div><div class=\"fusion-text fusion-text-1\" style=\"--awb-content-alignment:center;--awb-text-color:var(--awb-color1);--awb-margin-right:20px;--awb-margin-left:20px;\"><p>STEM, Science (bilim) Technology (teknoloji) Engineering (m\u00fchendislik) Math (matematik) <\/p>\n<\/div><\/div><\/li>\n<li class=\"fusion-layout-column fusion_builder_column fusion-builder-column-3 fusion-flex-column post-card fusion-grid-column fusion-post-cards-grid-column\" style=\"--awb-padding-bottom:12px;--awb-overflow:hidden;--awb-bg-color:hsla(var(--awb-color7-h),var(--awb-color7-s),calc(var(--awb-color7-l) + 4%),var(--awb-color7-a));--awb-bg-color-hover:hsla(var(--awb-color7-h),var(--awb-color7-s),calc(var(--awb-color7-l) + 4%),var(--awb-color7-a));--awb-bg-blend:overlay;--awb-bg-size:cover;--awb-border-radius:10px 10px 10px 10px;\"><div class=\"fusion-column-wrapper fusion-flex-justify-content-flex-start fusion-content-layout-column\"><div class=\"fusion-classic-product-image-wrapper fusion-woo-product-image fusion-post-card-image fusion-post-card-image-1\" data-layout=\"static\" style=\"--awb-margin-bottom:10px;\"><div  class=\"fusion-image-wrapper\" aria-haspopup=\"true\">\n\t\t\t\t\t\t\t<a href=\"https:\/\/meltemayhan.k12.tr\/anadolu-fen-lisesi\/portfolio-items\/matematika-meltem-ayhan-okullari\/\" aria-label=\"Matematika\">\n\t\t\t\t\t\t\t<img decoding=\"async\" width=\"842\" height=\"842\" src=\"https:\/\/meltemayhan.k12.tr\/anadolu-fen-lisesi\/wp-content\/uploads\/2024\/01\/matematika.jpg\" class=\"attachment-full size-full wp-post-image\" alt=\"\" srcset=\"https:\/\/meltemayhan.k12.tr\/anadolu-fen-lisesi\/wp-content\/uploads\/2024\/01\/matematika-200x200.jpg 200w, https:\/\/meltemayhan.k12.tr\/anadolu-fen-lisesi\/wp-content\/uploads\/2024\/01\/matematika-400x400.jpg 400w, https:\/\/meltemayhan.k12.tr\/anadolu-fen-lisesi\/wp-content\/uploads\/2024\/01\/matematika-600x600.jpg 600w, https:\/\/meltemayhan.k12.tr\/anadolu-fen-lisesi\/wp-content\/uploads\/2024\/01\/matematika-800x800.jpg 800w, https:\/\/meltemayhan.k12.tr\/anadolu-fen-lisesi\/wp-content\/uploads\/2024\/01\/matematika.jpg 842w\" sizes=\"(min-width: 2200px) 100vw, (min-width: 784px) 373px, (min-width: 712px) 560px, (min-width: 640px) 712px, \" \/>\t\t\t<\/a>\n\t\t\t\t\t\t\t<\/div>\n<\/div><div class=\"fusion-title title fusion-title-3 fusion-sep-none fusion-title-center fusion-title-text fusion-title-size-four\" style=\"--awb-text-color:var(--awb-color1);--awb-margin-top:20px;--awb-margin-right:20px;--awb-margin-left:20px;--awb-link-color:var(--awb-color1);--awb-font-size:30px;\"><h4 class=\"fusion-title-heading title-heading-center\" style=\"font-family:var(--awb-typography1-font-family);font-weight:var(--awb-typography1-font-weight);font-style:var(--awb-typography1-font-style);margin:0;font-size:1em;letter-spacing:var(--awb-typography1-letter-spacing);text-transform:var(--awb-typography1-text-transform);line-height:var(--awb-typography1-line-height);\"><a href=\"https:\/\/meltemayhan.k12.tr\/anadolu-fen-lisesi\/portfolio-items\/matematika-meltem-ayhan-okullari\/\" class=\"awb-custom-text-color awb-custom-text-hover-color\" target=\"_self\">Matematika<\/a><\/h4><\/div><div class=\"fusion-text fusion-text-2\" style=\"--awb-content-alignment:center;--awb-text-color:var(--awb-color1);--awb-margin-right:20px;--awb-margin-left:20px;\"><p>Oyun temelli \u00f6\u011frenme s\u00fcreciyle \u00fcst d\u00fczey matemati\u011fe ula\u015ft\u0131rmak<\/p>\n<\/div><\/div><\/li>\n<li class=\"fusion-layout-column fusion_builder_column fusion-builder-column-4 fusion-flex-column post-card fusion-grid-column fusion-post-cards-grid-column\" style=\"--awb-padding-bottom:12px;--awb-overflow:hidden;--awb-bg-color:hsla(var(--awb-color7-h),var(--awb-color7-s),calc(var(--awb-color7-l) + 4%),var(--awb-color7-a));--awb-bg-color-hover:hsla(var(--awb-color7-h),var(--awb-color7-s),calc(var(--awb-color7-l) + 4%),var(--awb-color7-a));--awb-bg-blend:overlay;--awb-bg-size:cover;--awb-border-radius:10px 10px 10px 10px;\"><div class=\"fusion-column-wrapper fusion-flex-justify-content-flex-start fusion-content-layout-column\"><div class=\"fusion-classic-product-image-wrapper fusion-woo-product-image fusion-post-card-image fusion-post-card-image-1\" data-layout=\"static\" style=\"--awb-margin-bottom:10px;\"><div  class=\"fusion-image-wrapper\" aria-haspopup=\"true\">\n\t\t\t\t\t\t\t<a href=\"https:\/\/meltemayhan.k12.tr\/anadolu-fen-lisesi\/portfolio-items\/kodlama-robotik-meltem-ayhan\/\" aria-label=\"Kodlama-Robotik\">\n\t\t\t\t\t\t\t<img decoding=\"async\" width=\"842\" height=\"842\" src=\"https:\/\/meltemayhan.k12.tr\/anadolu-fen-lisesi\/wp-content\/uploads\/2024\/01\/kodlama-robotik-meltem-ayhan.jpg\" class=\"attachment-full size-full wp-post-image\" alt=\"\" srcset=\"https:\/\/meltemayhan.k12.tr\/anadolu-fen-lisesi\/wp-content\/uploads\/2024\/01\/kodlama-robotik-meltem-ayhan-200x200.jpg 200w, https:\/\/meltemayhan.k12.tr\/anadolu-fen-lisesi\/wp-content\/uploads\/2024\/01\/kodlama-robotik-meltem-ayhan-400x400.jpg 400w, https:\/\/meltemayhan.k12.tr\/anadolu-fen-lisesi\/wp-content\/uploads\/2024\/01\/kodlama-robotik-meltem-ayhan-600x600.jpg 600w, https:\/\/meltemayhan.k12.tr\/anadolu-fen-lisesi\/wp-content\/uploads\/2024\/01\/kodlama-robotik-meltem-ayhan-800x800.jpg 800w, https:\/\/meltemayhan.k12.tr\/anadolu-fen-lisesi\/wp-content\/uploads\/2024\/01\/kodlama-robotik-meltem-ayhan.jpg 842w\" sizes=\"(min-width: 2200px) 100vw, (min-width: 784px) 373px, (min-width: 712px) 560px, (min-width: 640px) 712px, \" \/>\t\t\t<\/a>\n\t\t\t\t\t\t\t<\/div>\n<\/div><div class=\"fusion-title title fusion-title-4 fusion-sep-none fusion-title-center fusion-title-text fusion-title-size-four\" style=\"--awb-text-color:var(--awb-color1);--awb-margin-top:20px;--awb-margin-right:20px;--awb-margin-left:20px;--awb-link-color:var(--awb-color1);--awb-font-size:30px;\"><h4 class=\"fusion-title-heading title-heading-center\" style=\"font-family:var(--awb-typography1-font-family);font-weight:var(--awb-typography1-font-weight);font-style:var(--awb-typography1-font-style);margin:0;font-size:1em;letter-spacing:var(--awb-typography1-letter-spacing);text-transform:var(--awb-typography1-text-transform);line-height:var(--awb-typography1-line-height);\"><a href=\"https:\/\/meltemayhan.k12.tr\/anadolu-fen-lisesi\/portfolio-items\/kodlama-robotik-meltem-ayhan\/\" class=\"awb-custom-text-color awb-custom-text-hover-color\" target=\"_self\">Kodlama-Robotik<\/a><\/h4><\/div><div class=\"fusion-text fusion-text-3\" style=\"--awb-content-alignment:center;--awb-text-color:var(--awb-color1);--awb-margin-right:20px;--awb-margin-left:20px;\"><p>Kodlama, y\u00fczy\u0131l\u0131m\u0131z\u0131n ortak bir dili olarak e\u011fitim sistemlerinin ayr\u0131lmaz bir par\u00e7as\u0131d\u0131r.<\/p>\n<\/div><\/div><\/li>\n<\/ul><\/div><\/div><\/div><\/div><\/div><\/p>\n","protected":false},"excerpt":{"rendered":"","protected":false},"author":1,"featured_media":0,"parent":0,"menu_order":0,"comment_status":"closed","ping_status":"closed","template":"100-width.php","meta":{"content-type":"","footnotes":""},"class_list":["post-5547","page","type-page","status-publish","hentry"],"_links":{"self":[{"href":"https:\/\/meltemayhan.k12.tr\/anadolu-fen-lisesi\/wp-json\/wp\/v2\/pages\/5547","targetHints":{"allow":["GET"]}}],"collection":[{"href":"https:\/\/meltemayhan.k12.tr\/anadolu-fen-lisesi\/wp-json\/wp\/v2\/pages"}],"about":[{"href":"https:\/\/meltemayhan.k12.tr\/anadolu-fen-lisesi\/wp-json\/wp\/v2\/types\/page"}],"author":[{"embeddable":true,"href":"https:\/\/meltemayhan.k12.tr\/anadolu-fen-lisesi\/wp-json\/wp\/v2\/users\/1"}],"replies":[{"embeddable":true,"href":"https:\/\/meltemayhan.k12.tr\/anadolu-fen-lisesi\/wp-json\/wp\/v2\/comments?post=5547"}],"version-history":[{"count":0,"href":"https:\/\/meltemayhan.k12.tr\/anadolu-fen-lisesi\/wp-json\/wp\/v2\/pages\/5547\/revisions"}],"wp:attachment":[{"href":"https:\/\/meltemayhan.k12.tr\/anadolu-fen-lisesi\/wp-json\/wp\/v2\/media?parent=5547"}],"curies":[{"name":"wp","href":"https:\/\/api.w.org\/{rel}","templated":true}]}}